d by w.
6
Suppose -3*i + 8*i - 30 = 0. Suppose i*x = 7*x - 19. Suppose 8 = -10*l + 58. Calculate the remainder when x is divided by l.
4
Suppose 29*z - 30*z - 465 = 0. Let i = 1190 + z. Calculate the remainder when i is divided by 28.
25
Let i(f) = 8*f + 14. Let g(h) = 9*h + 16. Let a(j) = -2*g(j) + 3*i(j). Let w be a(3). Let n = 63 - w. What is the remainder when 137 is divided by n?
32
Suppose 5*l - 4*j = -110, -11*l + j - 59 = -8*l. Calculate the remainder when 1458/14 - l/(-126) is divided by 21.
20
Let b(q) = -113*q + 4210. What is the remainder when 698 is divided by b(35)?
188
Calculate the remainder when 460 is divided by (-1*((-2)/(-2))/3)/(1/(-138)).
0
Let x(w) = w**3 + 3*w**2 - 6*w - 1. Suppose 0 = -3*l - 14 + 2. Let o = -7 - -9. What is the remainder when x(l) is divided by o?
1
Let s(j) = 6*j + 44. Suppose 11*w + 9 + 68 = 0. Let h be s(w). Calculate the remainder when ((-25)/h)/(4 - (-18)/(-4)) is divided by 7.
4
Let q(z) = -265*z + 613. Calculate the remainder when 1736 is divided by q(2).
76
Let k(f) = 3*f + 67. Suppose x = -2*i + i + 55, i = -2*x + 109. Calculate the remainder when x is divided by k(-16).
16
Let q be 6*2/3 + 2. Suppose q*g = -2*u + g + 107, -3*u = -g - 135. Let t = -34 + u. What is the remainder when 22 is divided by t?
10
Suppose 41 = 3*k + 11. Suppose k*h - 205 = 245. Let b = 27 + h. Calculate the remainder when b is divided by 15.
12
Let f = -54 + 96. Let s be (-1 - -2) + -17 + 16. Suppose -2*c - 10*c + 108 = s. Calculate the remainder when f is divided by c.
6
Let p(w) = -14*w + 918. Let c(d) be the third derivative of 3*d**5/20 + d**4/24 - d**3/6 + d**2. What is the remainder when c(2) is divided by p(65)?
5
Suppose -3*i - 18 = 3*p, 3*i + 8*p - 13*p = -18. What is the remainder when i - -5 - 22*3/(-2) is divided by 3/(-9)*-1*51?
15
Let u(r) = 5*r + 16. Let a be u(-18). Let o = 75 + a. Calculate the remainder when 39 is divided by 6*(o + (-19)/15)*-10.
7
Calculate the remainder when 8720 is divided by 3/(-6) + 12995/226.
56
Suppose 3*c - 24*k = -23*k + 3217, -2112 = -2*c - 4*k. What is the remainder when c is divided by 1065?
5
Suppose 15*a - 10*a - 236 = -p, 3*p - 2*a = 640. What is the remainder when 1496 is divided by p?
200
What is the remainder when 1254 is divided by -2 + 0 - ((-68272)/17)/16?
9
Suppose 0 = m + 5, -j + 4*m - 24 = -0*j. Let t = 65 + j. Suppose -40*y - 218*y + 3088 = 1024. What is the remainder when t is divided by y?
5
Let g = -206 - -527. What is the remainder when g is divided by 163 + -112 - (-2 + -12)?
61
What is the remainder when 356 is divided by (3806/(-4))/(3806/(-692))?
10
Let h(k) = 7*k - 32. Let b(g) = g + 9. Let f be b(-1). Calculate the remainder when 0/(-1) + 1 + 92 is divided by h(f).
21
Suppose 50 = -0*a + a. Suppose 3*l = -2*l + a. Suppose -4*f - l = -30. What is the remainder when 24 is divided by f?
4
Let p(a) = 3*a + 213. Let q be (-1)/(-3) + (-560)/6. Let s = q - -93. What is the remainder when p(s) is divided by 24?
21
Let n = 8256 + -7727. What is the remainder when n is divided by 101?
24
Calculate the remainder when 316 is divided by (-89 - -96)/((-2)/(-32)).
92
Suppose 370*z - 16745 = 353*z. Calculate the remainder when z is divided by 4.
1
Let q be 129/9 - (-4)/6. Let w = q - 9. Suppose -6*y - 4*g = -148, -3*y + 3*g + 31 = -68. What is the remainder when y is divided by w?
4
Let y(m) = 2*m**2 + 59*m - 31. Let f be y(-30). What is the remainder when (160/(-50))/(f/10) is divided by 11?
10
Let h(l) = 58*l**2 + 1206*l + 2408. Calculate the remainder when h(-2) is divided by 102.
24
Let q(z) = 50*z**2 - 903*z + 11793. What is the remainder when q(13) is divided by 185?
179
Let x(v) = 345*v - 3443. Let o = -6 - -29. Let q = o + -5. What is the remainder when q is divided by x(10)?
4
Let s be (180/(-27))/(-1)*(-174)/(-5). Suppose -4*d = -12*d + s. Calculate the remainder when 36 is divided by d.
7
Suppose 0 = -48*y + 45*y - 63. Let l = 23 - y. What is the remainder when 128 is divided by l?
40
Let v(r) = -3*r**3 - 192*r**2 + 382*r + 193. What is the remainder when 2253 is divided by v(-66)?
19
Calculate the remainder when ((-423 + 2)*(-3)/9)/((-3)/(-27)) is divided by 22.
9
Let r = 9563 - 9474. What is the remainder when 98 is divided by r?
9
Let v(m) = 79*m + 1057. Calculate the remainder when 404 is divided by v(-12).
77
Let a be (-1 - 1/(-3))/2*0. Suppose -5*d = a, -3*t + 360 = 2*t - 3*d. What is the remainder when t is divided by 17?
4
Let b = 15143 - 15121. What is the remainder when 1515 is divided by b?
19
Let n = -127 + 129. Calculate the remainder when 28 is divided by (4 - 12)*n/(-1).
12
Suppose -4*b + 79*w = 83*w - 20, 3*b - 16 = -2*w. Calculate the remainder when 1172 is divided by b.
2
What is the remainder when 2222/3 + ((-4)/11)/((-12)/(-22)) is divided by 127?
105
Suppose -3*d = -5*r - d + 1781, 0 = -r + 5*d + 370. What is the remainder when r is divided by 7/63 + (-3072)/(-54) + -6?
49
Let q be ((-722)/133)/(2/(-14)). Suppose 25 = -2*v + i, -i = v - 4*v - q. Let m = -7 - v. Calculate the remainder when 13 is divided by m.
1
Let r(z) = 137*z**2 - 1. Suppose -174*o + 169*o - 75 = -5*h, -5*h = -2*o - 90. What is the remainder when r(-1) is divided by h?
16
Suppose 0 = -28*k + 16698 + 5488 + 998. What is the remainder when k is divided by 64?
60
Suppose 14*j + 38 = 15*j. Suppose 2552 = -9*r + j*r. What is the remainder when r is divided by 2*-2*(-54)/12?
16
Let y be 20*(9 - 215/25). Suppose -y*u - 288 + 568 = 0. What is the remainder when 90 is divided by u?
20
Suppose z = -z + 4. Suppose 0 = w + 5*a - 24, -3 = z*a + 3. Calculate the remainder when 63 is divided by w.
24
Suppose -4*d - 35*c + 32*c = -201, 2*d + 2*c = 102. Calculate the remainder when 524 is divided by d.
44
Let n = -331 - -373. Let d(v) = v**3 + 6*v**2 - 5*v - 1. Calculate the remainder when 8202/n + (-16)/56 is divided by d(-5).
48
What is the remainder when 1187 is divided by 8554/286 - 4*3/(-132)?
17
Let q(t) = -76*t - 1115. What is the remainder when 4423 is divided by q(-15)?
23
Suppose 0 = 2*h - 4*s - 4784, -s - 4793 = -33*h + 31*h. Calculate the remainder when h is divided by 100.
98
Suppose 124 = -4*o + 6*o. Suppose -4*m + 82 + 98 = 0. Suppose -2*w + m = -2*p + 5*p, w - 9 = 3*p. What is the remainder when o is divided by w?
8
Let l = -230 - -299. Let v = -64 + l. What is the remainder when 264 is divided by v?
4
Suppose -25711 - 6852 = -30*q + 10007. What is the remainder when q is divided by 709?
1
Let f(u) = 43*u**2 + 3*u - 12. Let a be f(2). Suppose -155*b + a*b = 143. Calculate the remainder when 129 is divided by b.
12
Suppose 39*c - 471*c = -70*c - 19910. Calculate the remainder when 1374 is divided by c.
54
Let s = 16 - 12. Suppose -4*o + 3*o + 97 = 2*n, -s*o - 35 = -n. What is the remainder when 468 is divided by n?
45
Let s(t) = -2*t + 1. Let m(w) = -17*w + 68. Let q(c) = -m(c) + 3*s(c). Suppose u = -14 + 53. Calculate the remainder when q(20) is divided by u.
38
Let i = -169 - -169. Suppose 4*t + 3*k = -i*k + 169, 5*k + 25 = 0. What is the remainder when 319 is divided by t?
43
What is the remainder when 343 is divided by (450/54 + -8)/(1718/858 + -2)?
57
Let n be 846/24 + (-3 - 33/(-12)). Suppose 2*z = -a + 54, -36*a + n*a - 81 = -3*z. What is the remainder when 106 is divided by z?
25
Let n(o) = 2*o + 2. Let k be n(-5). Let r(j) = -16 + 9*j + 6*j**3 - 3*j**2 - 7*j**3 - j. Calculate the remainder when r(k) is divided by 61.
57
Suppose -151*j + 60687 = -716 - 16664. Calculate the remainder when j is divided by 45.
22
Let u(b) = -5*b - 4. Let f = 620 + -625. What is the remainder when u(-5) is divided by f - 6/9*-24?
10
Suppose t + 2*n + 10 = 2*t, 2*n - 14 = -2*t. Let s = -74207 - -74220. Calculate the remainder when s is divided by t.
5
Suppose -33995 + 2409 = -34*y. Let s = y + -918. Calculate the remainder when (-1 - (-2 + -151)) + -1 is divided by s.
8
Suppose -7*p + 17268 = 8*a - 6*p, 4*a + 5*p = 8616. Calculate the remainder when a is divided by 15.
14
Suppose -j - 976 - 271 = 3*p, -2*j = 2*p + 826. Let f = 568 + p. Calculate the remainder when f is divided by 4.
3
Let p(q) = -7*q**2 + 61*q + 21. Calculate the remainder when 266 is divided by p(9).
2
Let v(i) = 11*i**2 - 58*i + 71. Calculate the remainder when 358 is divided by v(5).
22
Let t(q) = -1175*q**